{"id":12372,"date":"2025-12-11T08:43:34","date_gmt":"2025-12-11T08:43:34","guid":{"rendered":"https:\/\/www.periodicolapislazuli.com\/noticias\/?page_id=12372"},"modified":"2025-12-11T08:44:37","modified_gmt":"2025-12-11T08:44:37","slug":"elementor-pagina-12372","status":"publish","type":"page","link":"https:\/\/www.periodicolapislazuli.com\/noticias\/elementor-pagina-12372\/","title":{"rendered":"Elementor P\u00e1gina #12372"},"content":{"rendered":"\t\t<div data-elementor-type=\"wp-page\" data-elementor-id=\"12372\" class=\"elementor elementor-12372\">\n\t\t\t\t\t\t<section class=\"elementor-section elementor-top-section elementor-element elementor-element-f6c068b elementor-section-boxed elementor-section-height-default elementor-section-height-default\" data-id=\"f6c068b\" data-element_type=\"section\" data-e-type=\"section\">\n\t\t\t\t\t\t<div class=\"elementor-container elementor-column-gap-default\">\n\t\t\t\t\t<div class=\"elementor-column elementor-col-100 elementor-top-column elementor-element elementor-element-bd29514\" data-id=\"bd29514\" data-element_type=\"column\" data-e-type=\"column\">\n\t\t\t<div class=\"elementor-widget-wrap elementor-element-populated\">\n\t\t\t\t\t\t<div class=\"elementor-element elementor-element-6f92369 elementor-widget elementor-widget-html\" data-id=\"6f92369\" data-element_type=\"widget\" data-e-type=\"widget\" data-widget_type=\"html.default\">\n\t\t\t\t<div class=\"elementor-widget-container\">\n\t\t\t\t\t&nbsp;\n<div id=\"lipsum\" style=\"text-align: justify;\"><\/div>\n<div id=\"lipsum\">\n\n<!-- Bot\u00f3n WhatsApp verde -->\n<a style=\"display: inline-flex; align-items: center; gap: 8px; white-space: nowrap; background-color: #25d366; color: #ffffff; padding: 8px 14px; border-radius: 20px; text-decoration: none; font-weight: bold; transition: background-color 0.3s ease;\" href=\"https:\/\/www.whatsapp.com\/channel\/0029VZzgtsp8PgsABlHj6g3K\" target=\"_blank\" rel=\"nofollow noopener\">\n\n\n\nUnirse al canal de Whatsapp de Lapisl\u00e1zuli Peri\u00f3dico | Noticias\n<\/a>\n\n&nbsp;\n<p style=\"text-align: justify;\"><\/p>\n\n<\/div>\n&nbsp;\n\n<!-- Bot\u00f3n blanco con borde azul -->\n<a style=\"display: inline-flex; align-items: center; gap: 8px; white-space: nowrap; background-color: #ffffff; color: #007bff; border: 2px solid #007bff; padding: 8px 14px; border-radius: 20px; text-decoration: none; font-weight: bold; transition: all 0.3s ease;\" href=\"#a\">\n\u00bfTienes una opini\u00f3n sobre este art\u00edculo? Puedes escribirnos aqu\u00ed.\n<\/a>\n\n&nbsp;\n\n<!-- Bot\u00f3n blanco con borde azul -->\n<a style=\"display: inline-flex; align-items: center; gap: 8px; white-space: nowrap; background-color: #ffffff; color: #007bff; border: 2px solid #007bff; padding: 8px 14px; border-radius: 20px; text-decoration: none; font-weight: bold; transition: all 0.3s ease;\" href=\"#a\">\n\u00bfHas descubierto alg\u00fan error? Entonces, por favor, ind\u00edquenos esto.\n<\/a>\t\t\t\t<\/div>\n\t\t\t\t<\/div>\n\t\t\t\t\t<\/div>\n\t\t<\/div>\n\t\t\t\t\t<\/div>\n\t\t<\/section>\n\t\t\t\t<\/div>\n\t\t","protected":false},"excerpt":{"rendered":"<p>&nbsp; Unirse al canal de Whatsapp de Lapisl\u00e1zuli Peri\u00f3dico | Noticias &nbsp; &nbsp; \u00bfTienes una opini\u00f3n sobre este<\/p>\n<div class=\"pvc_clear\"><\/div>\n<p id=\"pvc_stats_12372\" class=\"pvc_stats all  \" data-element-id=\"12372\" style=\"\"><i class=\"pvc-stats-icon large\" aria-hidden=\"true\"><svg aria-hidden=\"true\" focusable=\"false\" data-prefix=\"far\" data-icon=\"chart-bar\" role=\"img\" xmlns=\"http:\/\/www.w3.org\/2000\/svg\" viewBox=\"0 0 512 512\" class=\"svg-inline--fa fa-chart-bar fa-w-16 fa-2x\"><path fill=\"currentColor\" d=\"M396.8 352h22.4c6.4 0 12.8-6.4 12.8-12.8V108.8c0-6.4-6.4-12.8-12.8-12.8h-22.4c-6.4 0-12.8 6.4-12.8 12.8v230.4c0 6.4 6.4 12.8 12.8 12.8zm-192 0h22.4c6.4 0 12.8-6.4 12.8-12.8V140.8c0-6.4-6.4-12.8-12.8-12.8h-22.4c-6.4 0-12.8 6.4-12.8 12.8v198.4c0 6.4 6.4 12.8 12.8 12.8zm96 0h22.4c6.4 0 12.8-6.4 12.8-12.8V204.8c0-6.4-6.4-12.8-12.8-12.8h-22.4c-6.4 0-12.8 6.4-12.8 12.8v134.4c0 6.4 6.4 12.8 12.8 12.8zM496 400H48V80c0-8.84-7.16-16-16-16H16C7.16 64 0 71.16 0 80v336c0 17.67 14.33 32 32 32h464c8.84 0 16-7.16 16-16v-16c0-8.84-7.16-16-16-16zm-387.2-48h22.4c6.4 0 12.8-6.4 12.8-12.8v-70.4c0-6.4-6.4-12.8-12.8-12.8h-22.4c-6.4 0-12.8 6.4-12.8 12.8v70.4c0 6.4 6.4 12.8 12.8 12.8z\" class=\"\"><\/path><\/svg><\/i> <img decoding=\"async\" width=\"16\" height=\"16\" alt=\"Loading\" src=\"https:\/\/www.periodicolapislazuli.com\/noticias\/wp-content\/plugins\/page-views-count\/ajax-loader-2x.gif\" border=0 \/><\/p>\n<div class=\"pvc_clear\"><\/div>\n","protected":false},"author":4,"featured_media":0,"parent":0,"menu_order":0,"comment_status":"closed","ping_status":"closed","template":"","meta":{"om_disable_all_campaigns":false,"pagelayer_contact_templates":[],"_pagelayer_content":"","_monsterinsights_skip_tracking":false,"_monsterinsights_sitenote_active":false,"_monsterinsights_sitenote_note":"","_monsterinsights_sitenote_category":0,"footnotes":""},"class_list":["post-12372","page","type-page","status-publish","hentry"],"_hostinger_reach_plugin_has_subscription_block":false,"_hostinger_reach_plugin_is_elementor":false,"_links":{"self":[{"href":"https:\/\/www.periodicolapislazuli.com\/noticias\/wp-json\/wp\/v2\/pages\/12372","targetHints":{"allow":["GET"]}}],"collection":[{"href":"https:\/\/www.periodicolapislazuli.com\/noticias\/wp-json\/wp\/v2\/pages"}],"about":[{"href":"https:\/\/www.periodicolapislazuli.com\/noticias\/wp-json\/wp\/v2\/types\/page"}],"author":[{"embeddable":true,"href":"https:\/\/www.periodicolapislazuli.com\/noticias\/wp-json\/wp\/v2\/users\/4"}],"replies":[{"embeddable":true,"href":"https:\/\/www.periodicolapislazuli.com\/noticias\/wp-json\/wp\/v2\/comments?post=12372"}],"version-history":[{"count":4,"href":"https:\/\/www.periodicolapislazuli.com\/noticias\/wp-json\/wp\/v2\/pages\/12372\/revisions"}],"predecessor-version":[{"id":12377,"href":"https:\/\/www.periodicolapislazuli.com\/noticias\/wp-json\/wp\/v2\/pages\/12372\/revisions\/12377"}],"wp:attachment":[{"href":"https:\/\/www.periodicolapislazuli.com\/noticias\/wp-json\/wp\/v2\/media?parent=12372"}],"curies":[{"name":"wp","href":"https:\/\/api.w.org\/{rel}","templated":true}]}}